{"id":60,"date":"2025-12-04T20:41:27","date_gmt":"2025-12-04T20:41:27","guid":{"rendered":"https:\/\/bonitahouse.ro\/index.php\/produs\/pizza-taraneasca-o-40cm\/"},"modified":"2026-03-21T15:52:58","modified_gmt":"2026-03-21T15:52:58","slug":"pizza-taraneasca-o-40cm","status":"publish","type":"product","link":"https:\/\/bonitahouse.ro\/index.php\/produs\/pizza-taraneasca-o-40cm\/","title":{"rendered":"Pizza T\u0103r\u0103neasc\u0103 \u00d8 40cm"},"content":{"rendered":"<p>ciuperci\/mushroom,ardei\/red pepper, ceapa\/onion, porumb\/corn, bacon &#8211; 860 Gr<\/p>\n","protected":false},"excerpt":{"rendered":"<p>ciuperci\/mushroom,ardei\/red pepper, ceapa\/onion, porumb\/corn, bacon &#8211; 860 Gr<\/p>\n","protected":false},"featured_media":61,"comment_status":"open","ping_status":"closed","template":"","meta":[],"product_brand":[],"product_cat":[29],"product_tag":[],"class_list":{"0":"post-60","1":"product","2":"type-product","3":"status-publish","4":"has-post-thumbnail","6":"product_cat-pizza-40cm-mare","8":"first","9":"instock","10":"shipping-taxable","11":"purchasable","12":"product-type-simple"},"exclude_global_add_ons":[],"addons":[],"_links":{"self":[{"href":"https:\/\/bonitahouse.ro\/index.php\/wp-json\/wp\/v2\/product\/60","targetHints":{"allow":["GET"]}}],"collection":[{"href":"https:\/\/bonitahouse.ro\/index.php\/wp-json\/wp\/v2\/product"}],"about":[{"href":"https:\/\/bonitahouse.ro\/index.php\/wp-json\/wp\/v2\/types\/product"}],"replies":[{"embeddable":true,"href":"https:\/\/bonitahouse.ro\/index.php\/wp-json\/wp\/v2\/comments?post=60"}],"wp:featuredmedia":[{"embeddable":true,"href":"https:\/\/bonitahouse.ro\/index.php\/wp-json\/wp\/v2\/media\/61"}],"wp:attachment":[{"href":"https:\/\/bonitahouse.ro\/index.php\/wp-json\/wp\/v2\/media?parent=60"}],"wp:term":[{"taxonomy":"product_brand","embeddable":true,"href":"https:\/\/bonitahouse.ro\/index.php\/wp-json\/wp\/v2\/product_brand?post=60"},{"taxonomy":"product_cat","embeddable":true,"href":"https:\/\/bonitahouse.ro\/index.php\/wp-json\/wp\/v2\/product_cat?post=60"},{"taxonomy":"product_tag","embeddable":true,"href":"https:\/\/bonitahouse.ro\/index.php\/wp-json\/wp\/v2\/product_tag?post=60"}],"curies":[{"name":"wp","href":"https:\/\/api.w.org\/{rel}","templated":true}]}}